What is the highest common divisor of 16 and 4586?
2
Calculate the greatest common factor of 3160 and 95432.
632
Calculate the greatest common factor of 1474699 and 389.
389
Calculate the greatest common factor of 88602 and 174.
6
Calculate the greatest common divisor of 846 and 767886.
282
Calculate the greatest common divisor of 243054 and 432.
54
Calculate the highest common divisor of 180 and 36945.
45
Calculate the greatest common divisor of 120 and 19290.
30
Calculate the greatest common divisor of 40 and 25675.
5
What is the highest common divisor of 46 and 128524?
46
What is the highest common factor of 22748 and 752?
188
Calculate the greatest common factor of 118 and 27317.
59
Calculate the highest common divisor of 1284 and 63344.
428
Calculate the highest common factor of 11277 and 189.
63
What is the greatest common divisor of 130598 and 52?
26
What is the greatest common divisor of 168 and 269292?
12
Calculate the greatest common divisor of 202 and 3000003.
101
What is the greatest common divisor of 47922 and 294?
294
What is the highest common divisor of 40720 and 509?
509
Calculate the greatest common factor of 370704 and 48.
48
What is the highest common divisor of 600 and 1015800?
600
What is the greatest common factor of 52 and 88036?
52
Calculate the highest common divisor of 6528 and 184.
8
Calculate the highest common divisor of 549484 and 52.
52
Calculate the greatest common divisor of 613545 and 60.
15
What is the greatest common factor of 15635 and 2915?
265
What is the highest common factor of 189 and 23044?
7
Calculate the highest common divisor of 2680 and 10200.
40
What is the greatest common divisor of 16752 and 32?
16
What is the highest common factor of 1872 and 5733?
117
What is the greatest common divisor of 60 and 110196?
12
Calculate the highest common divisor of 3445 and 434759.
689
Calculate the greatest common factor of 888 and 8508.
12
Calculate the greatest common divisor of 786 and 24762.
6
What is the greatest common divisor of 1827 and 4137?
21
Calculate the greatest common divisor of 240 and 75.
15
What is the greatest common divisor of 5852 and 33908?
28
What is the greatest common divisor of 2571680 and 320?
160
What is the highest common divisor of 46939 and 64300?
643
What is the highest common factor of 13352 and 296?
8
What is the greatest common divisor of 11430 and 2160?
90
What is the greatest common divisor of 64 and 284224?
64
Calculate the highest common divisor of 380 and 740.
20
Calculate the greatest common divisor of 50 and 62070.
10
What is the greatest common divisor of 107835 and 395?
395
What is the greatest common divisor of 324 and 4204?
4
What is the highest common divisor of 9251 and 11?
11
Calculate the greatest common divisor of 1 and 51419.
1
Calculate the highest common divisor of 195896 and 94.
94
Calculate the greatest common factor of 10197 and 1683.
99
Calculate the highest common factor of 12 and 155492.
4
Calculate the highest common factor of 1876 and 627388.
268
Calculate the highest common factor of 358360 and 310.
310
What is the highest common divisor of 2035559 and 59?
59
Calculate the highest common factor of 88 and 24772.
44
Calculate the greatest common divisor of 28 and 375788.
28
Calculate the greatest common factor of 5117165 and 1515.
505
Calculate the highest common factor of 85684 and 93.
31
Calculate the greatest common divisor of 57472 and 48492.
1796
What is the greatest common divisor of 28 and 266?
14
Calculate the highest common factor of 298 and 150043.
149
Calculate the greatest common factor of 6 and 4152.
6
Calculate the highest common divisor of 59867 and 1371.
457
Calculate the greatest common divisor of 136972 and 3509.
121
Calculate the highest common factor of 390 and 354.
6
What is the greatest common factor of 136455 and 1177?
11
Calculate the highest common divisor of 1331 and 52.
1
What is the highest common factor of 628539 and 57?
57
What is the greatest common divisor of 184 and 3399124?
92
What is the greatest common factor of 72495 and 15?
15
What is the highest common factor of 644096 and 816?
272
Calculate the highest common factor of 41766 and 6.
6
What is the highest common factor of 6900 and 23550?
150
What is the greatest common factor of 50559 and 228?
57
Calculate the greatest common factor of 85 and 34298435.
85
What is the highest common divisor of 297 and 5211?
27
Calculate the highest common factor of 1195 and 347267.
239
What is the highest common divisor of 9568 and 437?
23
Calculate the greatest common divisor of 22 and 7601.
11
What is the highest common factor of 32849 and 7675?
307
What is the greatest common divisor of 2 and 4851?
1
Calculate the highest common divisor of 3773 and 133.
7
Calculate the greatest common divisor of 286 and 169598.
286
Calculate the highest common divisor of 2058362 and 46.
46
What is the highest common factor of 1060 and 2280?
20
What is the greatest common divisor of 298368 and 11088?
1008
Calculate the highest common divisor of 1559684 and 112.
28
What is the greatest common factor of 944658 and 6?
6
Calculate the greatest common divisor of 84 and 7063.
7
Calculate the greatest common factor of 195583 and 393.
131
Calculate the highest common divisor of 2678152 and 496.
248
What is the greatest common divisor of 34104 and 15792?
168
What is the highest common factor of 3288825 and 705?
705
What is the highest common factor of 2480 and 217?
31
What is the greatest common factor of 625 and 670?
5
Calculate the highest common factor of 64 and 4776.
8
What is the highest common divisor of 236602 and 1686?
562
What is the highest common factor of 68750 and 1750?
250
Calculate the highest common factor of 175 and 265825.
175
What is the greatest common divisor of 24 and 1887?
3
What is the greatest common divisor of 126 and 699993?
63
What is the highest common factor of 115 and 15479?
23
Calculate the highest common divisor of 5805 and 15867.
387
Calculate the highest common factor of 122577 and 2184.
273
Calculate the highest common divisor of 16542 and 486.
18
Calculate the greatest common divisor of 54 and 3978063.
9
Calculate the highest common factor of 399 and 377321.
133
Calculate the greatest common divisor of 149 and 177757.
149
What is the highest common factor of 279 and 415648?
31
Calculate the greatest common factor of 88 and 392612.
44
What is the highest common divisor of 1258126 and 916?
458
What is the highest common factor of 44674 and 70?
14
Calculate the greatest common factor of 176 and 248996.
44
What is the highest common divisor of 660653 and 7?
7
What is the greatest common factor of 956529 and 2892?
723
Calculate the highest common divisor of 27057 and 45.
3
What is the greatest common factor of 69 and 1413?
3
What is the highest common divisor of 833 and 2482?
17
Calculate the highest common divisor of 5996262 and 6.
6
What is the greatest common factor of 40629 and 261?
87
Calculate the greatest common factor of 27680 and 340.
20
What is the highest common divisor of 77 and 33432?
7
Calculate the greatest common factor of 138548 and 76.
76
What is the highest common factor of 24 and 33924?
12
Calculate the highest common factor of 54 and 3038742.
54
What is the greatest common divisor of 18 and 1934019?
9
Calculate the greatest common divisor of 28007 and 224.
7
Calculate the greatest common factor of 360 and 11061.
9
Calculate the greatest common factor of 2825376 and 190.
38
Calculate the highest common divisor of 165 and 137995.
55
What is the highest common divisor of 50 and 308650?
50
What is the highest common divisor of 47 and 1901714?
47
Calculate the greatest common factor of 876 and 2112.
12
Calculate the highest common factor of 34539 and 6177.
87
What is the highest common factor of 270 and 3870?
90
Calculate the greatest common divisor of 7910 and 168.
14
Calculate the highest common divisor of 1720820 and 6255.
695
Calculate the highest common divisor of 6 and 431463.
3
What is the highest common factor of 714098 and 308?
154
Calculate the greatest common factor of 424 and 1800092.
212
Calculate the highest common factor of 87723 and 15162.
1083
Calculate the greatest common divisor of 4 and 19996.
4
Calculate the highest common factor 